{"id":423,"date":"2025-11-27T14:16:18","date_gmt":"2025-11-27T14:16:18","guid":{"rendered":"https:\/\/www.detamcevre.com\/?page_id=423"},"modified":"2026-02-24T11:04:17","modified_gmt":"2026-02-24T11:04:17","slug":"ced-izleme-hizmetleri-ced-danismanligi","status":"publish","type":"page","link":"https:\/\/www.detamcevre.com\/index.php\/ced-izleme-hizmetleri-ced-danismanligi\/","title":{"rendered":"\u00c7ED \u0130zleme Hizmetleri"},"content":{"rendered":"<p><div class=\"fusion-fullwidth fullwidth-box fusion-builder-row-1 fusion-flex-container has-pattern-background has-mask-background nonhundred-percent-fullwidth non-hundred-percent-height-scrolling\" style=\"--awb-border-radius-top-left:0px;--awb-border-radius-top-right:0px;--awb-border-radius-bottom-right:0px;--awb-border-radius-bottom-left:0px;--awb-flex-wrap:wrap;\" ><div class=\"fusion-builder-row fusion-row fusion-flex-align-items-flex-start fusion-flex-content-wrap\" style=\"max-width:1248px;margin-left: calc(-4% \/ 2 );margin-right: calc(-4% \/ 2 );\"><div class=\"fusion-layout-column fusion_builder_column fusion-builder-column-0 fusion_builder_column_1_1 1_1 fusion-flex-column\" style=\"--awb-bg-size:cover;--awb-width-large:100%;--awb-margin-top-large:0px;--awb-spacing-right-large:1.92%;--awb-margin-bottom-large:20px;--awb-spacing-left-large:1.92%;--awb-width-medium:100%;--awb-order-medium:0;--awb-spacing-right-medium:1.92%;--awb-spacing-left-medium:1.92%;--awb-width-small:100%;--awb-order-small:0;--awb-spacing-right-small:1.92%;--awb-spacing-left-small:1.92%;\"><div class=\"fusion-column-wrapper fusion-column-has-shadow fusion-flex-justify-content-flex-start fusion-content-layout-column\"><div class=\"fusion-separator fusion-full-width-sep\" style=\"align-self: center;margin-left: auto;margin-right: auto;width:100%;\"><div class=\"fusion-separator-border sep-single sep-solid\" style=\"--awb-height:20px;--awb-amount:20px;--awb-sep-color:var(--awb-color4);border-color:var(--awb-color4);border-top-width:5px;\"><\/div><\/div><\/div><\/div><\/div><\/div><div class=\"fusion-fullwidth fullwidth-box fusion-builder-row-2 fusion-flex-container has-pattern-background has-mask-background nonhundred-percent-fullwidth non-hundred-percent-height-scrolling\" style=\"--awb-border-radius-top-left:0px;--awb-border-radius-top-right:0px;--awb-border-radius-bottom-right:0px;--awb-border-radius-bottom-left:0px;--awb-flex-wrap:wrap;\" ><div class=\"fusion-builder-row fusion-row fusion-flex-align-items-flex-start fusion-flex-content-wrap\" style=\"max-width:1248px;margin-left: calc(-4% \/ 2 );margin-right: calc(-4% \/ 2 );\"><div class=\"fusion-layout-column fusion_builder_column fusion-builder-column-1 fusion_builder_column_1_2 1_2 fusion-flex-column\" style=\"--awb-bg-size:cover;--awb-width-large:50%;--awb-margin-top-large:0px;--awb-spacing-right-large:3.84%;--awb-margin-bottom-large:20px;--awb-spacing-left-large:3.84%;--awb-width-medium:50%;--awb-order-medium:0;--awb-spacing-right-medium:3.84%;--awb-spacing-left-medium:3.84%;--awb-width-small:100%;--awb-order-small:0;--awb-spacing-right-small:1.92%;--awb-spacing-left-small:1.92%;\"><div class=\"fusion-column-wrapper fusion-column-has-shadow fusion-flex-justify-content-flex-start fusion-content-layout-column\"><div class=\"fusion-text fusion-text-1\"><h3 data-start=\"778\" data-end=\"801\">\u00c7ED Raporlama Hizmeti<\/h3>\n<p data-start=\"803\" data-end=\"1084\">\u00c7ED Raporlama Hizmeti, yat\u0131r\u0131m projelerinin \u00e7evresel etkilerini belirlemek, riskleri azaltmak ve mevzuata uygunluk sa\u011flamak amac\u0131yla y\u00fcr\u00fct\u00fclen profesyonel bir s\u00fcre\u00e7tir. \u00c7evresel Etki De\u011ferlendirmesi uygulamalar\u0131, proje ba\u015flang\u0131c\u0131ndan onay a\u015famas\u0131na kadar titizlikle planlanmal\u0131d\u0131r.<\/p>\n<p data-start=\"1086\" data-end=\"1303\">Deneyimli \u00c7evre Dan\u0131\u015fmanl\u0131k, projelerin t\u00fcr\u00fcne ve kapasitesine g\u00f6re gerekli ba\u015fvuru dosyalar\u0131n\u0131 haz\u0131rlar, resmi kurum s\u00fcre\u00e7lerini takip eder ve yat\u0131r\u0131m\u0131n yasal gerekliliklerini eksiksiz yerine getirmesine destek olur.<\/p>\n<h3 data-start=\"1305\" data-end=\"1328\">S\u00fcre\u00e7 Nas\u0131l \u0130lerler?<\/h3>\n<p data-start=\"1330\" data-end=\"1481\">\u00c7al\u0131\u015fmalar, projenin teknik \u00f6zelliklerinin analiz edilmesiyle ba\u015flar. Ard\u0131ndan gerekli dosyalar haz\u0131rlan\u0131r ve ilgili idareye sunulur. S\u00fcre\u00e7 kapsam\u0131nda:<\/p>\n<ul data-start=\"1483\" data-end=\"1684\">\n<li data-start=\"1483\" data-end=\"1521\">\n<p data-start=\"1485\" data-end=\"1521\">Proje Tan\u0131t\u0131m Dosyas\u0131 haz\u0131rlanmas\u0131<\/p>\n<\/li>\n<li data-start=\"1522\" data-end=\"1567\">\n<p data-start=\"1524\" data-end=\"1567\">Ba\u015fvuru ve de\u011ferlendirme s\u00fcrecinin takibi<\/p>\n<\/li>\n<li data-start=\"1568\" data-end=\"1604\">\n<p data-start=\"1570\" data-end=\"1604\">Kurum g\u00f6r\u00fc\u015flerinin koordinasyonu<\/p>\n<\/li>\n<li data-start=\"1605\" data-end=\"1649\">\n<p data-start=\"1607\" data-end=\"1649\">Halk\u0131n Kat\u0131l\u0131m\u0131 Toplant\u0131s\u0131 organizasyonu<\/p>\n<\/li>\n<li data-start=\"1650\" data-end=\"1684\">\n<p data-start=\"1652\" data-end=\"1684\">Teknik raporlar\u0131n haz\u0131rlanmas\u0131<\/p>\n<\/li>\n<\/ul>\n<p data-start=\"1686\" data-end=\"1783\">Ama\u00e7 yaln\u0131zca karar almak de\u011fil, yat\u0131r\u0131m\u0131n \u00e7evresel s\u00fcrd\u00fcr\u00fclebilirli\u011fini g\u00fcvence alt\u0131na almakt\u0131r.<\/p>\n<h3 data-start=\"1785\" data-end=\"1814\">\u0130zleme ve Taahh\u00fct Kontrol\u00fc<\/h3>\n<p data-start=\"1816\" data-end=\"1990\">\u201c\u00c7ED Olumlu\u201d veya \u201c\u00c7ED Gerekli De\u011fildir\u201d karar\u0131 al\u0131nmas\u0131n\u0131n ard\u0131ndan i\u015fletmelerin y\u00fck\u00fcml\u00fcl\u00fckleri devam eder. Bu a\u015famada d\u00fczenli saha kontrolleri ve raporlamalar yap\u0131lmal\u0131d\u0131r.<\/p>\n<p data-start=\"1992\" data-end=\"2018\">\u0130zleme hizmeti kapsam\u0131nda:<\/p>\n<ul data-start=\"2020\" data-end=\"2208\">\n<li data-start=\"2020\" data-end=\"2047\">\n<p data-start=\"2022\" data-end=\"2047\">Sahada \u00e7evresel denetim<\/p>\n<\/li>\n<li data-start=\"2048\" data-end=\"2086\">\n<p data-start=\"2050\" data-end=\"2086\">Taahh\u00fct edilen \u00f6nlemlerin kontrol\u00fc<\/p>\n<\/li>\n<li data-start=\"2087\" data-end=\"2126\">\n<p data-start=\"2089\" data-end=\"2126\">\u00d6l\u00e7\u00fcm ve analiz s\u00fcre\u00e7lerinin takibi<\/p>\n<\/li>\n<li data-start=\"2127\" data-end=\"2167\">\n<p data-start=\"2129\" data-end=\"2167\">Denetimlere y\u00f6nelik teknik raporlama<\/p>\n<\/li>\n<li data-start=\"2168\" data-end=\"2208\">\n<p data-start=\"2170\" data-end=\"2208\">\u0130dari s\u00fcre\u00e7lerde dan\u0131\u015fmanl\u0131k deste\u011fi<\/p>\n<\/li>\n<\/ul>\n<p data-start=\"2210\" data-end=\"2311\">Bu uygulamalar, olas\u0131 idari yapt\u0131r\u0131mlar\u0131n ve faaliyet kesintilerinin \u00f6n\u00fcne ge\u00e7ilmesine yard\u0131mc\u0131 olur.<\/p>\n<h3 data-start=\"2313\" data-end=\"2342\">Mevzuat ve Resmi Kaynaklar<\/h3>\n<p data-start=\"2344\" data-end=\"2544\">\u00c7ED s\u00fcreci, <span class=\"hover:entity-accent entity-underline inline cursor-pointer align-baseline\"><span class=\"whitespace-normal\">\u00c7evre, \u015eehircilik ve \u0130klim De\u011fi\u015fikli\u011fi Bakanl\u0131\u011f\u0131<\/span><\/span> taraf\u0131ndan y\u00fcr\u00fct\u00fclen mevzuat \u00e7er\u00e7evesinde uygulan\u0131r. G\u00fcncel y\u00f6netmelik metnine Resm\u00ee Gazete \u00fczerinden ula\u015f\u0131labilir:<br data-start=\"2509\" data-end=\"2512\" \/><a class=\"decorated-link\" href=\"https:\/\/www.resmigazete.gov.tr\" target=\"_new\" rel=\"noopener\" data-start=\"2512\" data-end=\"2542\">https:\/\/www.resmigazete.gov.tr<\/a><\/p>\n<p data-start=\"2546\" data-end=\"2646\">Ayr\u0131ca s\u00fcre\u00e7 hakk\u0131nda genel bilgilere Bakanl\u0131k resmi sitesinden eri\u015filebilir:<br data-start=\"2623\" data-end=\"2626\" \/><a class=\"decorated-link\" href=\"https:\/\/csb.gov.tr\" target=\"_new\" rel=\"noopener\" data-start=\"2626\" data-end=\"2644\">https:\/\/csb.gov.tr<\/a><\/p>\n<h3 data-start=\"2648\" data-end=\"2667\">\u0130lgili Hizmetler<\/h3>\n<p data-start=\"2669\" data-end=\"2748\">\u00c7ED s\u00fcreci sonras\u0131nda i\u015fletmelerin a\u015fa\u011f\u0131daki hizmetleri de planlamas\u0131 \u00f6nerilir:<\/p>\n<ul data-start=\"2750\" data-end=\"2850\">\n<li data-start=\"2750\" data-end=\"2787\">\n<p data-start=\"2752\" data-end=\"2787\"><a href=\"https:\/\/www.detamcevre.com\/index.php\/cevre-mevzuatlari-ambalaj-ve-atik-beyani-calismalari\/\" target=\"_blank\" rel=\"noopener\">At\u0131k Y\u00f6netimi ve Beyan Hizmetleri<\/a><\/p>\n<\/li>\n<li data-start=\"2788\" data-end=\"2820\">\n<p data-start=\"2790\" data-end=\"2820\"><a href=\"https:\/\/www.detamcevre.com\/index.php\/cevre-mevzuatlari-ambalaj-ve-atik-beyani-calismalari\/\" target=\"_blank\" rel=\"noopener\">At\u0131k Y\u00f6netim Plan\u0131 Haz\u0131rlama<\/a><\/p>\n<\/li>\n<\/ul>\n<p data-start=\"2852\" data-end=\"2967\">Bu hizmetler birlikte y\u00fcr\u00fct\u00fcld\u00fc\u011f\u00fcnde \u00e7evresel uyum sistemi b\u00fct\u00fcnc\u00fcl hale gelir ve kurumsal riskler minimize edilir.<\/p>\n<\/div><\/div><\/div><div class=\"fusion-layout-column fusion_builder_column fusion-builder-column-2 fusion_builder_column_1_2 1_2 fusion-flex-column\" style=\"--awb-bg-size:cover;--awb-width-large:50%;--awb-margin-top-large:0px;--awb-spacing-right-large:3.84%;--awb-margin-bottom-large:20px;--awb-spacing-left-large:3.84%;--awb-width-medium:50%;--awb-order-medium:0;--awb-spacing-right-medium:3.84%;--awb-spacing-left-medium:3.84%;--awb-width-small:100%;--awb-order-small:0;--awb-spacing-right-small:1.92%;--awb-spacing-left-small:1.92%;\"><div class=\"fusion-column-wrapper fusion-column-has-shadow fusion-flex-justify-content-flex-start fusion-content-layout-column\"><div class=\"fusion-image-element \" style=\"--awb-caption-title-font-family:var(--h2_typography-font-family);--awb-caption-title-font-weight:var(--h2_typography-font-weight);--awb-caption-title-font-style:var(--h2_typography-font-style);--awb-caption-title-size:var(--h2_typography-font-size);--awb-caption-title-transform:var(--h2_typography-text-transform);--awb-caption-title-line-height:var(--h2_typography-line-height);--awb-caption-title-letter-spacing:var(--h2_typography-letter-spacing);\"><span class=\" fusion-imageframe imageframe-none imageframe-1 hover-type-none\"><img decoding=\"async\" width=\"1024\" height=\"1024\" title=\"\u00c7ED Raporlama Hizmeti\" src=\"http:\/\/www.detamcevre.com\/wp-content\/uploads\/2026\/02\/Gemini_Generated_Image_m9f5g7m9f5g7m9f5.png\" alt class=\"img-responsive wp-image-881\" srcset=\"https:\/\/www.detamcevre.com\/wp-content\/uploads\/2026\/02\/Gemini_Generated_Image_m9f5g7m9f5g7m9f5-200x200.png 200w, https:\/\/www.detamcevre.com\/wp-content\/uploads\/2026\/02\/Gemini_Generated_Image_m9f5g7m9f5g7m9f5-400x400.png 400w, https:\/\/www.detamcevre.com\/wp-content\/uploads\/2026\/02\/Gemini_Generated_Image_m9f5g7m9f5g7m9f5-600x600.png 600w, https:\/\/www.detamcevre.com\/wp-content\/uploads\/2026\/02\/Gemini_Generated_Image_m9f5g7m9f5g7m9f5-800x800.png 800w, https:\/\/www.detamcevre.com\/wp-content\/uploads\/2026\/02\/Gemini_Generated_Image_m9f5g7m9f5g7m9f5.png 1024w\" sizes=\"(max-width: 640px) 100vw, 600px\" \/><\/span><\/div><div class=\"fusion-separator fusion-full-width-sep\" style=\"align-self: center;margin-left: auto;margin-right: auto;margin-top:165px;width:100%;\"><div class=\"fusion-separator-border sep-single sep-solid\" style=\"--awb-height:20px;--awb-amount:20px;--awb-sep-color:var(--awb-color4);border-color:var(--awb-color4);border-top-width:2px;\"><\/div><\/div><div class=\"fusion-image-element \" style=\"--awb-caption-title-font-family:var(--h2_typography-font-family);--awb-caption-title-font-weight:var(--h2_typography-font-weight);--awb-caption-title-font-style:var(--h2_typography-font-style);--awb-caption-title-size:var(--h2_typography-font-size);--awb-caption-title-transform:var(--h2_typography-text-transform);--awb-caption-title-line-height:var(--h2_typography-line-height);--awb-caption-title-letter-spacing:var(--h2_typography-letter-spacing);\"><span class=\" fusion-imageframe imageframe-none imageframe-2 hover-type-none\"><img decoding=\"async\" width=\"1024\" height=\"1024\" alt=\"\u00c7ED \u0130zleme Hizmeti\" title=\"\u00c7ED \u0130zleme Hizmeti\" src=\"http:\/\/www.detamcevre.com\/wp-content\/uploads\/2026\/02\/CED-Izleme-Hizmeti.png\" class=\"img-responsive wp-image-882\" srcset=\"https:\/\/www.detamcevre.com\/wp-content\/uploads\/2026\/02\/CED-Izleme-Hizmeti-200x200.png 200w, https:\/\/www.detamcevre.com\/wp-content\/uploads\/2026\/02\/CED-Izleme-Hizmeti-400x400.png 400w, https:\/\/www.detamcevre.com\/wp-content\/uploads\/2026\/02\/CED-Izleme-Hizmeti-600x600.png 600w, https:\/\/www.detamcevre.com\/wp-content\/uploads\/2026\/02\/CED-Izleme-Hizmeti-800x800.png 800w, https:\/\/www.detamcevre.com\/wp-content\/uploads\/2026\/02\/CED-Izleme-Hizmeti.png 1024w\" sizes=\"(max-width: 640px) 100vw, 600px\" \/><\/span><\/div><div class=\"fusion-separator fusion-full-width-sep\" style=\"align-self: center;margin-left: auto;margin-right: auto;margin-top:30px;width:100%;\"><div class=\"fusion-separator-border sep-single sep-solid\" style=\"--awb-height:20px;--awb-amount:20px;--awb-sep-color:var(--awb-color4);border-color:var(--awb-color4);border-top-width:1px;\"><\/div><\/div><div class=\"fusion-image-element \" style=\"--awb-caption-title-font-family:var(--h2_typography-font-family);--awb-caption-title-font-weight:var(--h2_typography-font-weight);--awb-caption-title-font-style:var(--h2_typography-font-style);--awb-caption-title-size:var(--h2_typography-font-size);--awb-caption-title-transform:var(--h2_typography-text-transform);--awb-caption-title-line-height:var(--h2_typography-line-height);--awb-caption-title-letter-spacing:var(--h2_typography-letter-spacing);\"><span class=\" fusion-imageframe imageframe-none imageframe-3 hover-type-none\"><img decoding=\"async\" width=\"1024\" height=\"1024\" alt=\"Neden Profesyonel \u00c7ED Raporlama Hizmeti Almal\u0131s\u0131n\u0131z\" title=\"Neden Profesyonel \u00c7ED Raporlama Hizmeti Almal\u0131s\u0131n\u0131z\" src=\"http:\/\/www.detamcevre.com\/wp-content\/uploads\/2026\/02\/Neden-Profesyonel-CED-Raporlama-Hizmeti-Almalisiniz.png\" class=\"img-responsive wp-image-884\" srcset=\"https:\/\/www.detamcevre.com\/wp-content\/uploads\/2026\/02\/Neden-Profesyonel-CED-Raporlama-Hizmeti-Almalisiniz-200x200.png 200w, https:\/\/www.detamcevre.com\/wp-content\/uploads\/2026\/02\/Neden-Profesyonel-CED-Raporlama-Hizmeti-Almalisiniz-400x400.png 400w, https:\/\/www.detamcevre.com\/wp-content\/uploads\/2026\/02\/Neden-Profesyonel-CED-Raporlama-Hizmeti-Almalisiniz-600x600.png 600w, https:\/\/www.detamcevre.com\/wp-content\/uploads\/2026\/02\/Neden-Profesyonel-CED-Raporlama-Hizmeti-Almalisiniz-800x800.png 800w, https:\/\/www.detamcevre.com\/wp-content\/uploads\/2026\/02\/Neden-Profesyonel-CED-Raporlama-Hizmeti-Almalisiniz.png 1024w\" sizes=\"(max-width: 640px) 100vw, 600px\" \/><\/span><\/div><\/div><\/div><\/div><\/div><\/p>\n","protected":false},"excerpt":{"rendered":"","protected":false},"author":2,"featured_media":0,"parent":0,"menu_order":0,"comment_status":"closed","ping_status":"closed","template":"100-width.php","meta":{"footnotes":""},"class_list":["post-423","page","type-page","status-publish","hentry"],"yoast_head":"<!-- This site is optimized with the Yoast SEO plugin v27.5 - https:\/\/yoast.com\/product\/yoast-seo-wordpress\/ -->\n<title>- Detam &Ccedil;evre Dan\u0131\u015fmal\u0131k Hizmetleri \u00c7ED Raporlama Hizmeti ve \u00c7ED \u0130zleme S\u00fcreci<\/title>\n<meta name=\"description\" content=\"\u00c7ED Raporlama Hizmeti ve \u00c7ED izleme s\u00fcre\u00e7lerinde profesyonel destek. Proje onay, taahh\u00fct takibi ve mevzuata tam uyum.\" \/>\n<meta name=\"robots\" content=\"index, follow, max-snippet:-1, max-image-preview:large, max-video-preview:-1\" \/>\n<link rel=\"canonical\" href=\"https:\/\/www.detamcevre.com\/index.php\/ced-izleme-hizmetleri-ced-danismanligi\/\" \/>\n<meta property=\"og:locale\" content=\"tr_TR\" \/>\n<meta property=\"og:type\" content=\"article\" \/>\n<meta property=\"og:title\" content=\"- Detam &Ccedil;evre Dan\u0131\u015fmal\u0131k Hizmetleri \u00c7ED Raporlama Hizmeti ve \u00c7ED \u0130zleme S\u00fcreci\" \/>\n<meta property=\"og:description\" content=\"\u00c7ED Raporlama Hizmeti ve \u00c7ED izleme s\u00fcre\u00e7lerinde profesyonel destek. Proje onay, taahh\u00fct takibi ve mevzuata tam uyum.\" \/>\n<meta property=\"og:url\" content=\"https:\/\/www.detamcevre.com\/index.php\/ced-izleme-hizmetleri-ced-danismanligi\/\" \/>\n<meta property=\"og:site_name\" content=\"Detam &Ccedil;evre Dan\u0131\u015fmal\u0131k Hizmetleri\" \/>\n<meta property=\"article:modified_time\" content=\"2026-02-24T11:04:17+00:00\" \/>\n<meta name=\"twitter:card\" content=\"summary_large_image\" \/>\n<meta name=\"twitter:label1\" content=\"Tahmini okuma s\u00fcresi\" \/>\n\t<meta name=\"twitter:data1\" content=\"3 dakika\" \/>\n<script type=\"application\/ld+json\" class=\"yoast-schema-graph\">{\"@context\":\"https:\\\/\\\/schema.org\",\"@graph\":[{\"@type\":\"WebPage\",\"@id\":\"https:\\\/\\\/www.detamcevre.com\\\/index.php\\\/ced-izleme-hizmetleri-ced-danismanligi\\\/\",\"url\":\"https:\\\/\\\/www.detamcevre.com\\\/index.php\\\/ced-izleme-hizmetleri-ced-danismanligi\\\/\",\"name\":\"- Detam &Ccedil;evre Dan\u0131\u015fmal\u0131k Hizmetleri \u00c7ED Raporlama Hizmeti ve \u00c7ED \u0130zleme S\u00fcreci\",\"isPartOf\":{\"@id\":\"https:\\\/\\\/www.detamcevre.com\\\/#website\"},\"datePublished\":\"2025-11-27T14:16:18+00:00\",\"dateModified\":\"2026-02-24T11:04:17+00:00\",\"description\":\"\u00c7ED Raporlama Hizmeti ve \u00c7ED izleme s\u00fcre\u00e7lerinde profesyonel destek. Proje onay, taahh\u00fct takibi ve mevzuata tam uyum.\",\"breadcrumb\":{\"@id\":\"https:\\\/\\\/www.detamcevre.com\\\/index.php\\\/ced-izleme-hizmetleri-ced-danismanligi\\\/#breadcrumb\"},\"inLanguage\":\"tr\",\"potentialAction\":[{\"@type\":\"ReadAction\",\"target\":[\"https:\\\/\\\/www.detamcevre.com\\\/index.php\\\/ced-izleme-hizmetleri-ced-danismanligi\\\/\"]}]},{\"@type\":\"BreadcrumbList\",\"@id\":\"https:\\\/\\\/www.detamcevre.com\\\/index.php\\\/ced-izleme-hizmetleri-ced-danismanligi\\\/#breadcrumb\",\"itemListElement\":[{\"@type\":\"ListItem\",\"position\":1,\"name\":\"Anasayfa\",\"item\":\"https:\\\/\\\/www.detamcevre.com\\\/\"},{\"@type\":\"ListItem\",\"position\":2,\"name\":\"\u00c7ED \u0130zleme Hizmetleri\"}]},{\"@type\":\"WebSite\",\"@id\":\"https:\\\/\\\/www.detamcevre.com\\\/#website\",\"url\":\"https:\\\/\\\/www.detamcevre.com\\\/\",\"name\":\"Detam &Ccedil;evre Dan\u0131\u015fmal\u0131k Hizmetleri\",\"description\":\"Detam &Ccedil;evre Dan\u0131\u015fmanl\u0131k Hizmetleri\",\"potentialAction\":[{\"@type\":\"SearchAction\",\"target\":{\"@type\":\"EntryPoint\",\"urlTemplate\":\"https:\\\/\\\/www.detamcevre.com\\\/?s={search_term_string}\"},\"query-input\":{\"@type\":\"PropertyValueSpecification\",\"valueRequired\":true,\"valueName\":\"search_term_string\"}}],\"inLanguage\":\"tr\"}]}<\/script>\n<!-- \/ Yoast SEO plugin. -->","yoast_head_json":{"title":"- Detam &Ccedil;evre Dan\u0131\u015fmal\u0131k Hizmetleri \u00c7ED Raporlama Hizmeti ve \u00c7ED \u0130zleme S\u00fcreci","description":"\u00c7ED Raporlama Hizmeti ve \u00c7ED izleme s\u00fcre\u00e7lerinde profesyonel destek. Proje onay, taahh\u00fct takibi ve mevzuata tam uyum.","robots":{"index":"index","follow":"follow","max-snippet":"max-snippet:-1","max-image-preview":"max-image-preview:large","max-video-preview":"max-video-preview:-1"},"canonical":"https:\/\/www.detamcevre.com\/index.php\/ced-izleme-hizmetleri-ced-danismanligi\/","og_locale":"tr_TR","og_type":"article","og_title":"- Detam &Ccedil;evre Dan\u0131\u015fmal\u0131k Hizmetleri \u00c7ED Raporlama Hizmeti ve \u00c7ED \u0130zleme S\u00fcreci","og_description":"\u00c7ED Raporlama Hizmeti ve \u00c7ED izleme s\u00fcre\u00e7lerinde profesyonel destek. Proje onay, taahh\u00fct takibi ve mevzuata tam uyum.","og_url":"https:\/\/www.detamcevre.com\/index.php\/ced-izleme-hizmetleri-ced-danismanligi\/","og_site_name":"Detam &Ccedil;evre Dan\u0131\u015fmal\u0131k Hizmetleri","article_modified_time":"2026-02-24T11:04:17+00:00","twitter_card":"summary_large_image","twitter_misc":{"Tahmini okuma s\u00fcresi":"3 dakika"},"schema":{"@context":"https:\/\/schema.org","@graph":[{"@type":"WebPage","@id":"https:\/\/www.detamcevre.com\/index.php\/ced-izleme-hizmetleri-ced-danismanligi\/","url":"https:\/\/www.detamcevre.com\/index.php\/ced-izleme-hizmetleri-ced-danismanligi\/","name":"- Detam &Ccedil;evre Dan\u0131\u015fmal\u0131k Hizmetleri \u00c7ED Raporlama Hizmeti ve \u00c7ED \u0130zleme S\u00fcreci","isPartOf":{"@id":"https:\/\/www.detamcevre.com\/#website"},"datePublished":"2025-11-27T14:16:18+00:00","dateModified":"2026-02-24T11:04:17+00:00","description":"\u00c7ED Raporlama Hizmeti ve \u00c7ED izleme s\u00fcre\u00e7lerinde profesyonel destek. Proje onay, taahh\u00fct takibi ve mevzuata tam uyum.","breadcrumb":{"@id":"https:\/\/www.detamcevre.com\/index.php\/ced-izleme-hizmetleri-ced-danismanligi\/#breadcrumb"},"inLanguage":"tr","potentialAction":[{"@type":"ReadAction","target":["https:\/\/www.detamcevre.com\/index.php\/ced-izleme-hizmetleri-ced-danismanligi\/"]}]},{"@type":"BreadcrumbList","@id":"https:\/\/www.detamcevre.com\/index.php\/ced-izleme-hizmetleri-ced-danismanligi\/#breadcrumb","itemListElement":[{"@type":"ListItem","position":1,"name":"Anasayfa","item":"https:\/\/www.detamcevre.com\/"},{"@type":"ListItem","position":2,"name":"\u00c7ED \u0130zleme Hizmetleri"}]},{"@type":"WebSite","@id":"https:\/\/www.detamcevre.com\/#website","url":"https:\/\/www.detamcevre.com\/","name":"Detam &Ccedil;evre Dan\u0131\u015fmal\u0131k Hizmetleri","description":"Detam &Ccedil;evre Dan\u0131\u015fmanl\u0131k Hizmetleri","potentialAction":[{"@type":"SearchAction","target":{"@type":"EntryPoint","urlTemplate":"https:\/\/www.detamcevre.com\/?s={search_term_string}"},"query-input":{"@type":"PropertyValueSpecification","valueRequired":true,"valueName":"search_term_string"}}],"inLanguage":"tr"}]}},"_links":{"self":[{"href":"https:\/\/www.detamcevre.com\/index.php\/wp-json\/wp\/v2\/pages\/423","targetHints":{"allow":["GET"]}}],"collection":[{"href":"https:\/\/www.detamcevre.com\/index.php\/wp-json\/wp\/v2\/pages"}],"about":[{"href":"https:\/\/www.detamcevre.com\/index.php\/wp-json\/wp\/v2\/types\/page"}],"author":[{"embeddable":true,"href":"https:\/\/www.detamcevre.com\/index.php\/wp-json\/wp\/v2\/users\/2"}],"replies":[{"embeddable":true,"href":"https:\/\/www.detamcevre.com\/index.php\/wp-json\/wp\/v2\/comments?post=423"}],"version-history":[{"count":11,"href":"https:\/\/www.detamcevre.com\/index.php\/wp-json\/wp\/v2\/pages\/423\/revisions"}],"predecessor-version":[{"id":888,"href":"https:\/\/www.detamcevre.com\/index.php\/wp-json\/wp\/v2\/pages\/423\/revisions\/888"}],"wp:attachment":[{"href":"https:\/\/www.detamcevre.com\/index.php\/wp-json\/wp\/v2\/media?parent=423"}],"curies":[{"name":"wp","href":"https:\/\/api.w.org\/{rel}","templated":true}]}}